sor of q and f?
23
Let i = -9316 - -9828. What is the highest common divisor of i and 424?
8
Suppose -5*q = 5*z - 170 - 160, 4*z + q = 258. Suppose -j = 2*f - 37, 7*f - 10*f + 45 = 5*j. Calculate the highest common factor of f and z.
4
Suppose -4*t = -33*t. Suppose t = q - 41 - 9. What is the highest common divisor of 5 and q?
5
Suppose -17*x = 8*x - 900. Suppose 0 - x = -3*j. Calculate the highest common divisor of 108 and j.
12
Let o be (-72)/(-2) + (-43 - (-19 - 14)). Calculate the greatest common factor of o and 4511.
13
Suppose 0 = 21*o - 4*o - 646. Let c be ((-48)/(-20))/(-6)*-95. What is the highest common divisor of o and c?
38
Let t = 2832 - 1761. What is the greatest common factor of t and 9?
9
Let l be (362 - 1)*(1 + 0). Suppose c - 31362*b = -31360*b + 72, 3*b = c - 89. What is the greatest common factor of c and l?
19
Suppose 68*m = -26*m + 15416. Calculate the highest common factor of 4838 and m.
82
Let k(x) = 2*x**3 - 2*x**2 + 10*x + 18. Let u be k(3). Calculate the highest common factor of 996 and u.
12
Suppose 0 = 7*g - 410 + 88. Suppose 4*s = -4*t - 52, -4*s + 3*t - g = 20. Let c be -3*5/s + 34. Calculate the greatest common factor of 14 and c.
7
Let c = 1921 - 1689. What is the highest common factor of c and 2204?
116
Let k = -176 + 176. Suppose k = -9*q + 5*q + 24. Calculate the highest common divisor of q and 18.
6
Suppose 3*s + b = 1523, -5*b = 6*s - 10*s + 2056. Suppose f = -2*d + 4*f + s, d + 2*f = 251. What is the highest common divisor of d and 23?
23
Let u = 202 + -187. What is the greatest common factor of 270 and u?
15
Let i be ((-2)/2 - 33)*15/(-10). Suppose -5*f - 96 = -i. Let d = 61 + f. Calculate the highest common divisor of 4 and d.
4
Let h(s) be the second derivative of s**3/6 + 2*s**2 + 19*s. Let a be h(2). Let w be ((-24)/(-7))/(a/147). What is the highest common factor of w and 12?
12
Let a be 19/3*63/28*560/210. What is the greatest common factor of a and 3173?
19
Suppose -22 = -2*w + w. Let s(y) = y**2 + 4*y + 3. Let k be s(-5). Let f = k - -47. Calculate the highest common divisor of f and w.
11
Suppose -2*x = -15*x - 0*x + 11362. What is the highest common divisor of 342 and x?
38
Let h(w) = -2*w**2 - 2*w + 10. Let z be h(0). Suppose 246 = z*m + 66. What is the greatest common divisor of 279 and m?
9
Let o = -420 + 441. What is the highest common divisor of o and 1344?
21
Suppose 0 = -3*n - 4*f + 2105, n = -2*n + 5*f + 2141. Suppose 4*t + 31*z = 28*z + 937, -3*t + n = -2*z. Calculate the highest common divisor of 47 and t.
47
Let z be 64/48*6/1. Let l be -8*(14/4)/((-16)/z). What is the highest common divisor of 7 and l?
7
Suppose -2*p + 189 = 89. Suppose -2*n - 5*f = -275 + p, -4*n = f - 477. Calculate the highest common divisor of 168 and n.
24
Suppose 411*o - 55152 = 377*o + 1696. What is the greatest common divisor of 8 and o?
8
Let s(i) = -i**3 - i**2 - i + 75. Let n be 7/(-4 - 65/(-15)). Suppose 17*q - n*q = 0. Let k be s(q). Calculate the highest common divisor of 30 and k.
15
Let p = 43129 - 3554. Calculate the greatest common factor of p and 25.
25
Let w be (17 - 19)*(-33)/(-6). Let o(p) = -64*p**3 + 2*p**2 + 2*p + 1. Let a be o(-1). Let l = w + a. Calculate the highest common divisor of 18 and l.
18
Let a be 41*(1/(-2))/(10/(-20)). Suppose 5*z - a = f, 4*f = -z + 3*z - 2. Calculate the greatest common divisor of z and 117.
9
Let r = -5083 + 5418. What is the greatest common divisor of 1139 and r?
67
Let w(p) = -p**3 + 42*p**2 + 345*p + 35. Let d be w(-7). Calculate the highest common factor of d and 4683.
21
Suppose 368 = -15*d + 997 + 3556. Calculate the highest common divisor of 60 and d.
3
Suppose -100 + 96 = -2*t. Let v(c) = -6*c**2 + 15*c + 3. Let m be v(t). Suppose -23 = 5*q - 383. What is the greatest common divisor of m and q?
9
Let g be (16/(-5))/(1/(-20)). Suppose 2*b + 94 = g. Let s be (18/b)/((-6)/40). Calculate the greatest common divisor of s and 96.
8
Let y = 7042 + -4358. Calculate the greatest common factor of y and 396.
44
Suppose -3*h + 6*h = -6. Let v be -165*(h + (-4 - 27/(-5))). Calculate the greatest common factor of 11 and v.
11
Let i be 10*(0 - (-43)/1). Let u(y) = -y**2 - 31*y + 322. Let j be u(8). What is the highest common factor of i and j?
10
Suppose 7*t = 2*t + 25. Suppose 145 = 5*a - t*m, a + 4*m = 22 + 27. Let z = 16 - 5. What is the highest common factor of a and z?
11
Let i be 85 + (1/(-4) - (-39)/12). Suppose i*z - 750 = 73*z. What is the highest common factor of 275 and z?
25
Let q be 16/3*114/76. Suppose q*a = -254 + 318. Calculate the greatest common divisor of a and 12.
4
Suppose -3*y + 2226 = 3*y. Let v = -332 + y. Let h = 438 + -126. Calculate the greatest common factor of v and h.
39
Let p = 1810 - -1582. Calculate the greatest common divisor of p and 530.
106
Let x = 23476 + -23424. Let p = 32 + 20. Calculate the greatest common factor of x and p.
52
Let x = 9760 + -8830. What is the highest common factor of 60 and x?
30
Let n = -2177 - -2471. Suppose 8 = -2*s - 2*s. Let g be (s - 40 - 0)/(-1). Calculate the highest common divisor of g and n.
42
Suppose 16*p = 19*p - 2*l - 392, 0 = -2*l - 14. Calculate the greatest common divisor of p and 1566.
18
Let i(q) be the first derivative of 10*q**3/3 - 13*q**2 - 8*q - 68. Let x be i(3). What is the highest common factor of x and 244?
4
Let m be 11/((-1320)/(-107136)) + 1/5. Calculate the highest common divisor of m and 141.
47
Let t be 3*40/12*85. What is the highest common factor of t and 50?
50
Let l(r) = -r - 5. Suppose 147 = 7*i + 42. Let f(m) = m**3 - 15*m**2 - 2*m + 15. Let b be f(i). Let a be l(b). Calculate the highest common factor of 90 and a.
10
Let z(g) = g**2 + 54*g + 704. Let p be z(-18). What is the highest common divisor of p and 576?
8
Let u be 9 + (-17 + 15 - -14). Let k(m) = 2*m**2 + 2*m + 1. Let a be k(-1). Let i = 4 - a. Calculate the highest common factor of i and u.
3
Suppose -87*s + 562 = -2048. Let k(u) = -2*u + 0*u - 5*u - 2*u + 2. Let b be k(-2). Calculate the greatest common divisor of s and b.
10
Let q = -53 + 128. Suppose 4*c = -2*f + 7*f - q, -c = 0. Calculate the greatest common divisor of 240 and f.
15
Suppose 715 = 61*y - 56*y. Let o = 251 - y. Suppose t = -2*z - t + o, 5*z = 4*t + 243. Calculate the highest common divisor of 17 and z.
17
Suppose n + 4*h + 647 = 2*h, -n = -3*h + 642. Let z = -637 - n. Calculate the greatest common factor of 3 and z.
1
Let n(q) = 2*q**3 - 61*q**2 + 394*q - 31. Let l be n(9). Suppose 2*z = -z + 369. Suppose -7*s = l - z. What is the greatest common divisor of 247 and s?
13
Let m(f) = -18*f - 19. Let n = -35 + 41. Let z be m(n). Let p = -7 - z. What is the greatest common factor of 24 and p?
24
Suppose -24*l + 20*l - 8 = 0, 0 = -5*v + 3*l + 106. Let r = v + 56. Suppose -29 = -2*w + 9. Calculate the highest common divisor of w and r.
19
Let o(n) = 19*n + 1. Let q be o(1). Let k be 2 - 0 - 7/(14/(-36)). Let b be (1*(-3)/(-6))/(1/k). Calculate the highest common divisor of b and q.
10
Suppose -2*j = -c + 13, 4*c + 5*j - j - 100 = 0. Suppose -5*i + c - 1 = 0. What is the greatest common divisor of 3 and i?
1
Let v(i) = 11*i**2 - 85*i + 2. Let k be v(9). Let r(f) = 3*f + 8. Let n be r(8). Calculate the greatest common factor of k and n.
32
Let u be -5*141696/(-120) + 18. Calculate the greatest common divisor of u and 188.
94
Let x = -1599 + 1616. What is the highest common factor of x and 425?
17
Let q = 90 - 270. Let s = 330 + q. Suppose -g - 8 = l - 71, 3*g - 5*l - 165 = 0. What is the highest common divisor of g and s?
30
Let d(l) = l**3 + 55*l**2 + 62*l + 441. Let f be d(-54). What is the highest common divisor of 45 and f?
9
Suppose 4*g - 8509 = -s, -6*g = -9*g - 4*s + 6411. What is the highest common factor of 1750 and g?
125
Suppose 0 = -2*k + 4*n - 186, -k - 10*n = -8*n + 97. Let z(c) = c**2 - 11. Let x be z(11). Let w = x + k. What is the highest common factor of 60 and w?
15
Let z(i) = 92 + 1242*i - 17 - 1238*i. Let l be z(-12). What is the highest common divisor of 189 and l?
27
Suppose 2912 = 17*f + 9*f. Let y be f*1*16*(-3)/(-6). Calculate the highest common divisor of 64 and y.
64
Suppose 9 + 18 = 3*l + 2*a, 5*l - 64 = 3*a. Suppose l*h = 13*h - 14. Let f be 0 - (-131 - -2 - 4). Calculate the greatest common factor of f and h.
7
